culate the remainder when 24 is divided by i.
11
Let w = -17598 + 17601. What is the remainder when 170 is divided by w?
2
Suppose 15*t + 1352 = 24*a + 19*t, a = 3*t + 31. Calculate the remainder when 4891 is divided by a.
51
Let x(b) = 3*b**2 + 31*b + 145. Calculate the remainder when 322 is divided by x(-6).
54
Suppose 173 = 52*g - 3207. Calculate the remainder when 226 is divided by g.
31
Let y = -3287 - -3313. Calculate the remainder when 2309 is divided by y.
21
Let f = 156 - 154. Suppose -f*b = 4*t - 14, -t - 17 - 2 = -4*b. Calculate the remainder when 38 is divided by b.
3
Suppose -3*c + 290 = 20. Suppose 0 = 4*w - 1467 + 1279. What is the remainder when c is divided by w?
43
Suppose g - 117 = 63. Suppose -g = 7*q + 2*q. Let z = q + 27. What is the remainder when 10 is divided by z?
3
Let i be -1 - -3 - (-11 - -4). Let b = i - -2. What is the remainder when 6 - 3 - (-50 + 1) is divided by b?
8
Let x = -3 - -58. Suppose -4*r + 77 = -5*f, 0 = 2*r + 5*f + 3357 - 3418. Calculate the remainder when x is divided by r.
9
Let i be (108/12)/((-2)/(-4)). Calculate the remainder when ((-332)/8)/((-9)/i) is divided by 29.
25
Suppose 2*k - 104 - 180 = 0. Suppose -9*a + k = -2. What is the remainder when 404/a + 4 + (-1)/4 is divided by 11?
7
Suppose -11 - 61 = -4*l. Suppose -4*u + 8 = 0, -2*y - 325 = -5*y - 5*u. What is the remainder when y is divided by l?
15
Let f(l) = l**2 - 5*l + 3. Suppose -41*b + 56 = -37*b. Let j be (200/125)/(b/(-10) + 1). Calculate the remainder when 75 is divided by f(j).
36
Let i = 444 - 314. Suppose 30*s = s + 174. Suppose -4*w + 8*y + 122 = s*y, 0 = -2*w + 3*y + 51. Calculate the remainder when i is divided by w.
31
Suppose -4*c = 4*h - 512, -h - 201 - 311 = -4*c. Let r = c - 117. What is the remainder when 86 is divided by r?
9
Let r(b) = 2*b - 20. Let v be r(12). Suppose -6*g + 2*f - 6 = -2*g, 3*g + v*f + 10 = 0. What is the remainder when 78 is divided by (g + 20/3)*(-207)/(-46)?
15
Suppose -2059 = 79*d - 26391. What is the remainder when d is divided by 88?
44
Let k = 64 - 12. Let r be ((-147)/6)/(-7)*-12. Let v = r + k. What is the remainder when 17 is divided by v?
7
Suppose 0 = -56*r + 60*r - 32. Suppose r*c + 228 = 11*c. Calculate the remainder when c is divided by 11.
10
Let c = 7343 + -7285. Let y = 173 - 72. Calculate the remainder when y is divided by c.
43
Let c = 79 + -75. Suppose -c*z - 3*z = -21. What is the remainder when 66 is divided by z?
0
What is the remainder when 632 is divided by 5 - 1*(75/45 - 364/6)?
56
Let h = 83474 - 83409. Suppose 3*i - 4 = 3*d + 110, -61 = -2*i - d. What is the remainder when h is divided by i?
32
Let u(v) = -11 - 4*v - 5 - v. Suppose 376 = 4*p - 4*t, -96 = -0*p - p + 3*t. Calculate the remainder when p is divided by u(-8).
21
Let j(s) = 42*s - 8. Let v be j(3). Let z = -101 + v. What is the remainder when z is divided by 2?
1
Let m(r) = -r**3 + 12*r**2 - 21*r - 2. Let c be m(10). Calculate the remainder when 63 is divided by ((-270)/c)/15*(-52)/(-6).
11
Let k = -4 - -23. Let s = k - 19. Suppose -t + 36 + 15 = s. What is the remainder when 201 is divided by t?
48
Let p(g) = 4*g**2 - 5*g - 9. Let y be p(4). Suppose -30*z = -y*z + 125. What is the remainder when z is divided by (-1)/(2/9)*-2?
7
Let n = -4 - -7. Let y(k) = k**3 - 2*k**2 - 5*k + 4. Let s be y(n). What is the remainder when s/10 - (-936)/30 is divided by 4?
3
Let a = -9948 - -11236. What is the remainder when a is divided by 11?
1
Let g = 89 - 12. Let n = g + -17. Suppose -5*w - a = -83, -a - 6 = -9. Calculate the remainder when n is divided by w.
12
What is the remainder when (-1 - (-7237)/4)/(-3 + 120/32) is divided by 11?
2
Suppose -247*h + 202*h + 2223 + 432 = 0. What is the remainder when h is divided by 23?
13
Suppose 358 = -4*g + 2*y + 412, -3*g - 5*y + 34 = 0. Calculate the remainder when 849*-3*3/(-27) is divided by g.
10
Suppose -2 = d - 4*h, 2 + 6 = 4*h. Let b be 1/((d/(-28))/((-6)/7)). Let j(k) = k**2 + 3*k + 4. Calculate the remainder when 127 is divided by j(b).
31
Let q(l) = 3*l**3 - 25*l**2 - 54*l - 17. Calculate the remainder when q(12) is divided by 5.
4
Let a be 3/(-9)*3 - 14. Calculate the remainder when ((-10)/(-6))/(a/(-378)) is divided by 24.
18
Let v = 12876 + -12847. What is the remainder when 185 is divided by v?
11
What is the remainder when (6830/(-30))/(-4*(-4)/(-48)) is divided by 42?
11
Suppose 20*t - 1127 - 1633 = 0. Suppose 20*q = 22*q - t. What is the remainder when q is divided by 35?
34
Suppose 0 = -5*w - 10, g = -4*g + w + 867. What is the remainder when g is divided by 549/15 + (-301)/(-215)?
21
What is the remainder when 4549 is divided by -3 - (24/(-8))/3 - (-354)/2?
174
Suppose -12*l - 48*l + 14875 = 59*l. What is the remainder when 7497 is divided by l?
122
Suppose 0 = 5*c + 5*b - 1565, -3*c + 5*b - 197 = -1184. What is the remainder when c is divided by 262?
57
Suppose -4*r - 8800 = -44*r. Let s = 250 - r. Let y = -20 + 29. Calculate the remainder when s is divided by y.
3
Suppose -177 = -t + 5*z + 1242, -4*t + 5*z = -5676. Suppose n - t = -2*j, -7*n + 5692 = -3*n + 4*j. What is the remainder when n is divided by 12?
11
What is the remainder when 1953 is divided by (-1)/6 + (2 - 1996/(-24))?
83
Suppose -23 = -12*r + 25. Calculate the remainder when 29 is divided by r/(-32) + 123/24.
4
Suppose 14 + 0 = 7*x. Suppose -x*i = 3*g - 4*g, 0 = -4*g. Suppose i = -4*v + 77 + 3. Calculate the remainder when 78 is divided by v.
18
Suppose 3*x = 6*x - 294. Suppose 0 = 4*r + 4*m - 192, 2*m + m = -2*r + x. Calculate the remainder when r is divided by 15.
1
Suppose -18*u - 1372 = -46*u. What is the remainder when u is divided by 13?
10
Suppose -9 = -3*w - 3*d, -2*w = 7*d - 2*d. Suppose -w*p = 3*c - p - 41, -2*c + 58 = -5*p. Calculate the remainder when c is divided by 13.
6
Let n = -8994 + 9122. Let a = 32 - -1. Calculate the remainder when n is divided by a.
29
Let v be ((-8)/(-6))/(10/15). Let o be v*1 - (13 + -15). Calculate the remainder when 9 is divided by (0 - 1)/(o/(-12)).
0
Let l(f) = -2*f**3 + 7*f**2 - f - 29. Calculate the remainder when 3033 is divided by l(-7).
12
Suppose 0 = 16*v + 54703 + 46481. Calculate the remainder when 234 is divided by 12/27 - v/108.
57
Suppose -5*o + 3144 + 3429 = 2*j, 5*j + 1293 = o. What is the remainder when o is divided by 21?
11
Let w(a) = a**2 + 25 - 24 + 55 + 17*a + 12. Suppose 0 = -2*c - 4*n + 34, 2*c - 3*n + 2 = 15. What is the remainder when w(-13) is divided by c?
5
Let y = 2055 - 645. Suppose -3*n + y = 3*o, 3*n = n. What is the remainder when o is divided by 59?
57
Let w(j) = -j**3 - 25*j**2 - 134*j + 260. Suppose -3*x - 23 + 200 = 0. What is the remainder when x is divided by w(-15)?
19
Let x(f) = 3*f**3 - 50*f**2 - 14*f + 15. Let p = -110 + 127. What is the remainder when x(p) is divided by 24?
18
Let f be 690/8 - (-33)/44. Let r = f - 83. Suppose r*b + 228 = 8*b. Calculate the remainder when b is divided by 10.
7
Let a(z) = -z**3 + 8*z**2 + 2*z. Let h(u) = u**3 - 21*u**2 + 45*u - 7. What is the remainder when h(19) is divided by a(8)?
14
Let f(m) = 4*m + 3*m**2 - m + 80 - 6*m**2 - 3*m - 5*m. What is the remainder when f(0) is divided by 56?
24
Let l(h) = -h**2 + 31*h - 146. Suppose 11*k - 384 + 296 = 0. What is the remainder when 136 is divided by l(k)?
22
Let t = 4358 + -4296. Calculate the remainder when 125 is divided by t.
1
Let o(a) = 2*a**3 - 20*a**2 - 148*a + 13. What is the remainder when 358 is divided by o(-5)?
1
Let n = -2129 - -2140. What is the remainder when 846 is divided by n?
10
Suppose 2*q + 2*p = -270, -538 = q + 3*q + 3*p. Let h = -119 - q. Let g = h + 5. What is the remainder when g is divided by 5?
4
Suppose 7*x - 3*x = 28. Let v be 20/(-110) - (-79)/11. What is the remainder when ((-5 - 1) + v)/((-2)/(-34)) is divided by x?
3
What is the remainder when ((3760/24)/10)/(6/(-5 - -185)) is divided by 288?
182
Let l(m) = -m**3 + 13*m**2 - 7*m + 10. Let p = -3109 - -3308. Calculate the remainder when p is divided by l(12).
59
Let i(c) = -c**3 - 6*c**2 - 7*c - 6. Let t be i(-5). Suppose 0 = t*r - 2*r - 444. Let v(g) = 39*g + 4296. What is the remainder when r is divided by v(-109)?
42
Suppose -3417 = 52*k - 57*k - 6*m, 0 = 2*k + 3*m - 1365. What is the remainder when k is divided by 340?
7
Suppose -476 = -22*a